3?
8
What is the hundred millions digit of 200441807?
2
What is the units digit of 27466441?
1
What is the hundred thousands digit of 3223699955?
6
What is the units digit of 545011808?
8
What is the units digit of 3330386813?
3
What is the thousands digit of 5089627?
9
What is the thousands digit of 1088595428?
5
What is the hundreds digit of 372222626?
6
What is the thousands digit of 676560983?
0
What is the millions digit of 186489113?
6
What is the hundred thousands digit of 1001486245?
4
What is the hundreds digit of 219165865?
8
What is the ten millions digit of 1182888827?
8
What is the hundred millions digit of 2161692339?
1
What is the thousands digit of 26717974?
7
What is the hundreds digit of 8867842484?
4
What is the thousands digit of 2291741943?
1
What is the thousands digit of 4212917597?
7
What is the ten thousands digit of 4307534109?
3
What is the hundreds digit of 761989958?
9
What is the hundred millions digit of 115983042?
1
What is the hundreds digit of 6988411?
4
What is the millions digit of 158927124?
8
What is the tens digit of 86628749?
4
What is the tens digit of 1350235810?
1
What is the hundred thousands digit of 217223307?
2
What is the tens digit of 1418526718?
1
What is the millions digit of 790045857?
0
What is the millions digit of 8589460970?
9
What is the ten millions digit of 411179893?
1
What is the millions digit of 348020000?
8
What is the hundred thousands digit of 2212242?
2
What is the thousands digit of 1082035469?
5
What is the hundred thousands digit of 144046014?
0
What is the thousands digit of 83675415?
5
What is the millions digit of 17181931?
7
What is the tens digit of 2057238493?
9
What is the hundreds digit of 162335154?
1
What is the hundred millions digit of 180838491?
1
What is the hundreds digit of 5344062279?
2
What is the hundred thousands digit of 84035558?
0
What is the units digit of 2896269308?
8
What is the ten millions digit of 2566859940?
6
What is the ten millions digit of 528996005?
2
What is the units digit of 5069007?
7
What is the millions digit of 247717065?
7
What is the units digit of 554003640?
0
What is the hundreds digit of 124184161?
1
What is the millions digit of 92908149?
2
What is the ten millions digit of 30986782?
3
What is the hundred thousands digit of 2313756096?
7
What is the ten millions digit of 616389467?
1
What is the hundreds digit of 5567175?
1
What is the units digit of 218722903?
3
What is the tens digit of 62892786?
8
What is the ten millions digit of 47753555?
4
What is the units digit of 928603200?
0
What is the units digit of 159192940?
0
What is the hundreds digit of 81549467?
4
What is the tens digit of 702549524?
2
What is the tens digit of 221764167?
6
What is the billions digit of 1146066749?
1
What is the ten millions digit of 408296008?
0
What is the ten thousands digit of 48737485?
3
What is the ten thousands digit of 415148956?
4
What is the tens digit of 78060384?
8
What is the hundred thousands digit of 184711876?
7
What is the thousands digit of 89510402?
0
What is the units digit of 2100199708?
8
What is the hundreds digit of 89053017?
0
What is the units digit of 146352907?
7
What is the ten thousands digit of 757007860?
0
What is the tens digit of 340059319?
1
What is the ten millions digit of 79980669?
7
What is the tens digit of 398038011?
1
What is the hundred thousands digit of 5673319469?
3
What is the hundreds digit of 205287154?
1
What is the ten millions digit of 104893019?
0
What is the units digit of 10611914?
4
What is the hundreds digit of 345305850?
8
What is the millions digit of 415131466?
5
What is the hundred thousands digit of 291647008?
6
What is the ten thousands digit of 138705965?
0
What is the thousands digit of 2065057949?
7
What is the thousands digit of 45621286?
1
What is the thousands digit of 2969284680?
4
What is the ten millions digit of 539334545?
3
What is the ten thousands digit of 48487177?
8
What is the hundred millions digit of 176388207?
1
What is the units digit of 115411606?
6
What is the millions digit of 740237158?
0
What is the units digit of 1615392920?
0
What is the millions digit of 56570074?
6
What is the units digit of 117715540?
0
What is the millions digit of 2078287785?
8
What is the thousands digit of 686981365?
1
What is the hundreds digit of 16360981?
9
What is the ten thousands digit of 84074381?
7
What is the millions digit of 5878207623?
8
What is the hundred thousands digit of 10133343?
1
What is the tens digit of 17899939?
3
What is the tens digit of 1622758276?
7
What is the units digit of 3867006187?
7
What is the hundred thousands digit of 13810377?
8
What is the ten millions digit of 2163359295?
6
What is the tens digit of 23306500?
0
What is the units digit of 758281723?
3
What is the hundred millions digit of 428445927?
4
What is the tens digit of 38307531?
3
What is the ten thousands digit of 488173826?
7
What is the hundred thousands digit of 119260064?
2
What is the thousands digit of 4190383278?
3
What is the hundred millions digit of 2166029817?
1
What is the hundred millions digit of 590376880?
5
What is the tens digit of 198635400?
0
What is the hundreds digit of 252944142?
1
What is the hundreds digit of 100033863?
8
What is the hundred thousands digit of 150405221?
4
What is the tens digit of 8069248?
4
What is the hundred millions digit of 710257506?
7
What is the thousands digit of 18517296?
7
What is the ten thousands digit of 761496044?
9
What is the hundreds digit of 267565006?
0
What is the billions digit of 1543347538?
1
What is the units digit of 73739746?
6
What is the ten thousands digit of 18987437?
8
What is the ten millions digit of 85321330?
8
What is the millions digit of 135190681?
5
What is the units digit of 918120802?
2
What is the ten millions digit of 133251861?
3
What is the ten millions digit of 279892803?
7
What is the tens digit of 266981512?
1
What is the hundred thousands digit of 11415181?
4
What is the ten millions digit of 5460669251?
6
What is the thousands digit of 3698446214?
6
What is the ten millions digit of 109751896?
0
What is the millions digit of 26456289?
6
What is the units digit of 1503426209?
9
What is the hundred thousands digit of 93505788?
5
What is the ten millions digit of 21456510?
2
What is the thousands digit of 1803404755?
4
What is the hundred thousands digit of 170752191?
7
What is the ten thousands digit of 37971885?
7
What is the hundreds digit of 1823391925?
9
What is the tens digit of 712844299?
9
What is the ten millions digit of 11132155?
1
What is the tens digit of 35707027?
2
What is the tens digit of 68500285?
8
What is the tens digit of 4637266463?
6
What is the hundreds digit of 1668595398?
3
What is the hundreds digit of 200210600?
6
What is the thousands digit of 12441518?
1
What is the ten thousands digit of 3598018780?
1
What is the hundreds digit of 808927584?
5
What is the hundred thousands digit of 18866890?
8
What is the ten thousands digit of 115111018?
1
What is the units digit of 49380294?
4
What is the hundreds digit of 4686039?
0
What is the ten thousands digit of 169106948?
0
What is the thousands digit of 41952308?
2
What is the millions digit of 418377844?
8
What is the hundred millions digit of 486761590?
4
What is the ten millions digit of 23942352?
2
What is the units digit of 7454356488?
8
What is the thousands digit of 120846937?
6
What is the units digit of 68289614?
4
What is the thousands digit of 140726819?
6
What is the thousands digit of 21145442?
5
What is the hundreds digit of 1043103?
1
What is the ten thousands digit of 55254555?
5
What is the millions digit of 3321453757?
1
What is the units digit of 1045714954?
4
What is the hundreds digit of 51415418?
4
What is the units digit of 14189770?
0
What is the thousands digit of 122930935?
0
What is the millions digit of 846072238?
6
What is the hundred thousands digit of 1350671966?
6
What is the ten thousands digit of 415670298?
7
What is the millions digit of 70455868?
0
What is the tens digit of 153161962?
6
What is the millions digit of 227167204?
7
What is the thousands digit of 42298081?
8
What is the hundreds digit of 40372640?
6
What is the tens digit of 132050470?
7
What is the units digit of 36600